1
Let j be (-7)/(-1) - (-33)/(660/140). Let i(m) = -7*m + 7. Let p be i(-6). Calculate the greatest common factor of j and p.
7
Let f(t) = -3*t**3 + 5*t**2 + t + 5. Let z be f(-5). Let b(j) = 284*j**2 + 30389*j + 127. Let a be b(-107). Calculate the greatest common divisor of z and a.
20
Let o(n) = -4*n - 5. Let p be o(-8). Let m = -14 + p. Let q be (50 + 93)/(2/2). Calculate the highest common factor of m and q.
13
Let c be (102/(-18) + 6)/((-3)/(-45)). Suppose 21 = -3*h + c*y + 161, 2*h = 2*y + 100. Calculate the highest common factor of h and 10.
5
Let x = 1933 + -1924. Calculate the greatest common divisor of x and 1278.
9
Let l be 6/16 + -39*(-34215)/360. Calculate the greatest common factor of 44 and l.
11
Suppose 3217*j - 3236*j = -2907. What is the highest common factor of 731 and j?
17
Let c(l) = -52*l + 12. Let s be c(-5). Let a be (51*6/(-27))/((-80)/120). What is the highest common factor of s and a?
17
Let h(s) = 211*s**2 - 72*s + 15. Let b be h(4). Calculate the greatest common divisor of b and 214.
107
Suppose -5*f = 3*i - 13, 7 = -5*f - 2*i + 19. Let b be (1 + 119/28)*(10 + f). Suppose -2*n - 2 + 16 = 0. What is the highest common factor of b and n?
7
Let l(y) = y + 25. Let n(v) = 7*v + 224. Let o(c) = -28*l(c) + 3*n(c). Let z be o(-5). What is the highest common divisor of z and 84?
7
Suppose 68*h = 64*h - 4*z + 2272, 0 = -5*h - 2*z + 2819. Calculate the highest common divisor of h and 66.
33
Suppose 5*o = -2*s + 505, -2*o + 1335 = 1333. What is the highest common factor of s and 2?
2
Let r(p) = 6*p - 5. Let n be r(2). Suppose 0 = -10*d + n*d + 582. Let j be -2 - -2 - (-1 - d). What is the greatest common divisor of j and 39?
39
Suppose -3*c - 109*v + 237 = -104*v, 2*c + 5*v - 143 = 0. Calculate the highest common factor of c and 1551.
47
Suppose 36 = v + 5*k, -5*k + 3*k = 5*v - 272. Suppose -70 = -b - 3*f, 3*b - 3*f = 73 + 101. Let r = 69 - b. Calculate the highest common divisor of r and v.
8
Let c(d) = 8*d**3 + d - 1. Let y be c(2). Let n be (-1 - y)*3*4/(-24). Suppose -52*a + 56*a - 12 = 0. What is the greatest common factor of n and a?
3
Let d be (-4 - 53)/(1082/155 - 7). What is the greatest common factor of 310 and d?
155
Let l = 1423 + -699. Calculate the highest common divisor of 2 and l.
2
Suppose -5*d + 6*d - 4 = 0. Suppose -2*i = -s + 53, 3*s + 5*i + 50 = d*s. Suppose 51*p - 303 - 819 = 0. Calculate the highest common factor of s and p.
11
Let b(u) = -963*u - 9809. Let v be b(-11). Calculate the greatest common factor of 882 and v.
98
Suppose -265 = 2*v - 251. Let y(a) = 9*a**2 + 14*a + 57. Let o be y(v). What is the highest common divisor of o and 50?
50
Let c = 25 - 28. Let s be ((-175)/(-21) - 5)*(c + 0). Let b be 54/s*3*25/(-15). What is the highest common divisor of b and 9?
9
Let d be ((4/8)/(2/48))/((-10)/(-60)). Calculate the greatest common factor of d and 81.
9
Let c be 493603/253 + (-16 - 0). What is the greatest common factor of 45 and c?
45
Suppose -21*r = -26*r - 90. Let b be 7350/36 - (-2 - 39/r). What is the highest common factor of b and 12?
12
Let g(b) = -16*b + 1. Let k be g(-1). Let m be (4 - (-11 + k))*110/(-4). What is the highest common divisor of 88 and m?
11
Let c be (-75)/10*2720/(-24). What is the greatest common factor of 442 and c?
34
Let a(f) = -556*f - 3701. Let y be a(-10). What is the greatest common factor of y and 429?
143
Let w(p) be the second derivative of p**4/12 - 17*p**3/6 - 135*p**2/2 - 37*p + 1. Let g be w(25). What is the greatest common divisor of g and 104?
13
Suppose -3*v = -2*z - 19 - 275, -3*z = -3*v + 294. Let c(g) = -66*g**2 + 1. Let f be c(1). Let q = f + v. Calculate the greatest common factor of 11 and q.
11
Let z be (3/(-6))/((-2)/12). Suppose -61 = -z*d + b, 0 = -3*d + 5*b - 10*b + 73. Suppose -198*x = 11*x - 2926. What is the highest common factor of x and d?
7
Let s(a) = 2*a - 394 - a + 410 + a. Let h be s(-10). Let m be -2*(-1)/(-1) + h + 22. Calculate the greatest common factor of m and 64.
16
Let n(u) = 10*u - 3. Let o be n(4). Let g = 385 - 237. What is the highest common factor of o and g?
37
Suppose 4 = 12*g - 10*g. Let f(c) = -3*c + g*c + 54 + 0*c + 2*c. Let x be f(0). What is the highest common divisor of 36 and x?
18
Suppose 67*c + 30 = 35*c + 37*c. What is the highest common factor of c and 7302?
6
Suppose -101*k + 104*k + 300 = 0. Let b(z) = -6*z**2 - 5*z. Let x be b(-4). Let g = x - k. Calculate the greatest common divisor of 6 and g.
6
Let m(h) = 42*h. Let y be m(1). Let k(p) = p**3 - 3*p**2 - 22*p + 77. Let i be k(5). Suppose -827 = -i*l - 113. Calculate the greatest common factor of l and y.
42
Let q(p) = p**3 + 20*p**2 + 39*p + 1. Let v be q(-3). Suppose -183 - v = -k. Calculate the highest common factor of k and 44.
44
Let i(o) = -o**3 + 21*o**2 - 101*o + 57. Let m be i(14). What is the greatest common divisor of m and 303?
3
Let j = -2224 - -2626. Calculate the greatest common factor of 3082 and j.
134
Let k be (-618)/(-15) + 7/(-35). Suppose -5*t + 10 = 0, -2*u + 3*t + k + 21 = 0. Let y be 206/4 - (-3)/(-6). Calculate the greatest common factor of u and y.
17
Let w be (2 - 14/6) + 3305/15. Suppose 0 = -5*z + 10 - 5. Let o be z*-1*(3 - 23). What is the greatest common factor of w and o?
20
Let r = -171 + 143. Let o = 73 + r. What is the highest common divisor of o and 9?
9
Suppose -6*g - 660 = -1794. Let l = g - 141. Calculate the highest common divisor of 48 and l.
48
Let o be -54*(-280)/16*5/35. What is the highest common factor of 185 and o?
5
Let h = -7 + 27. Suppose 0*i + 4*i + 4*s + 48 = 0, 2*i + 24 = -s. Let q(d) = -3*d - 32. Let v be q(i). What is the highest common factor of h and v?
4
Let a = 149 - 126. Let g be (-90)/4*(-46)/a. Suppose 2*s = 15 + 3. What is the highest common divisor of s and g?
9
Suppose 12*c - 9*c - 5*m = 2156, 4*m - 1452 = -2*c. Suppose -4*v - k = -c, -7*k + 12*k = -v + 190. Calculate the greatest common factor of v and 40.
20
Suppose -9 = 4*t + 3*r, 0*t + r = -4*t - 19. Let o be t/(14/(-60) + (-6)/36). Suppose -14*g - 14 = -o*g. What is the highest common factor of 56 and g?
14
Suppose -5*t + 72 = -3*t. Suppose -5 + 1 = -m. Suppose -m*i - 3*w = -87, -6*i + 2*w + 80 = -i. What is the highest common divisor of t and i?
18
Let h(d) = 2*d**2 - 32*d - 398. Let o be h(27). Suppose 2*r - 739 = -3*k + 3*r, k - 5*r - 265 = 0. What is the greatest common factor of o and k?
49
Suppose -14640 = 180*p - 192*p. What is the highest common divisor of p and 80?
20
Let q be (194552/64 - 0) + 3/24. What is the highest common divisor of q and 95?
95
Suppose -876 = 10*b - 7*b. Let h = 310 + b. What is the highest common factor of h and 279?
9
Let p(f) = -f**3 - 4*f**2 - 2*f - 29. Let o be p(-5). Suppose 27 = -o*y + 81. Calculate the highest common factor of 36 and y.
9
Suppose 33*t - 5668 = 7532. What is the highest common divisor of t and 175?
25
Let o(i) = 4*i**2 + 17*i + 15. Let f be o(-16). Suppose d = -80 + 93. What is the greatest common factor of d and f?
13
Suppose 9*q - 7*q = 20. Let g(l) = -3*l - 2. Let v(h) = 3*h + 74. Let x be v(-26). Let m be g(x). What is the greatest common divisor of q and m?
10
Suppose -6*j = -3*j + 756. Let k be (j/16)/9*-4. What is the greatest common factor of 35 and k?
7
Suppose -2*s + 10 = -0*s. Suppose -4*n + 1298 = n + g, 3*n - 4*g - 765 = 0. Let d = n + -219. What is the highest common divisor of s and d?
5
Let g = -1764 + 2269. What is the greatest common divisor of g and 303?
101
Let o be ((-14)/63)/(55/(-54) - -1). What is the greatest common divisor of 159 and o?
3
Let x = -4450 - -4500. What is the highest common factor of x and 3200?
50
Let x be (3/(-3))/(-2 - 357/(-180)). Let y = x + -48. Suppose -11*u = -y*u + 8. Calculate the highest common divisor of u and 8.
8
Let k be -5 - ((-5)/(-5) - 84). Let w(t) = -t**2 - 9*t + 192. Let l be w(-18). What is the greatest common factor of l and k?
6
Suppose 2*t + t = 2*u - 7, -3*u - 2*t = -30. Suppose -1275 = u*f - 1379. Calculate the highest common factor of 3 and f.
1
Let x(q) = 3*q**2 - 4*q - 13. Let f be x(-3). Let y(c) = -2*c**2 + 53*c - 5. Let b be y(f). What is the highest common divisor of b and 315?
21
Let r be (-8)/(-2)*123/(-164). Let w be r + 0*4/(-12) + 42. Calculate the highest common divisor of w and 13.
13
Let b(u) = -u*